1015320354
In base 9, what is 1 - -4158611?
4158612
In base 2, what is -101 - 1111111110111001011?
-1111111110111010000
In base 5, what is -2443142333 - -2?
-2443142331
In base 15, what is 70ab + 3712?
a7bd
In base 2, what is -1001 + -1000000011010110100110?
-1000000011010110101111
In base 3, what is -1202021112000 - -222?
-1202021111001
In base 7, what is -1142624103 - 0?
-1142624103
In base 3, what is -1120 + -121101211211001?
-121101211212121
In base 14, what is -5 + 6237473?
623746c
In base 14, what is 3 + -68cad3?
-68cad0
In base 5, what is 221141401 + 1?
221141402
In base 10, what is -1 + -2177368?
-2177369
In base 14, what is -121a - -123?
-10d7
In base 3, what is 20201022011121102 - 1?
20201022011121101
In base 13, what is 138 - -130aca?
130c35
In base 6, what is -12 + -140222314?
-140222330
In base 5, what is 132413 - 11124202?
-10441234
In base 9, what is 3 - -13143763?
13143766
In base 9, what is -152877 - -402?
-152475
In base 16, what is -13b2d - -144?
-139e9
In base 6, what is 102043 + -40?
102003
In base 13, what is 4 + 1a5572b?
1a55732
In base 15, what is 1a39299 - -29?
1a392c3
In base 6, what is 55555 - -34000?
133555
In base 10, what is -70 + -118089?
-118159
In base 14, what is 12 - 438d44?
-438d32
In base 3, what is 11001202210112212 + -12?
11001202210112200
In base 6, what is 442 - 2131241?
-2130355
In base 5, what is -33113113 + -3144?
-33121312
In base 15, what is -1799 - -b103?
9859
In base 11, what is 93115 - 61?
93064
In base 5, what is -44024010 - -24?
-44023431
In base 9, what is 18833 + -8673?
10150
In base 9, what is -1428 + -4513?
-6042
In base 2, what is 10010110011100010001 + -100101?
10010110011011101100
In base 14, what is 34b95d9 - -2?
34b95db
In base 5, what is 223021 + 401144?
1124220
In base 12, what is 237 + 1b712?
1b949
In base 2, what is 10000111010110101001001 + 10?
10000111010110101001011
In base 7, what is 1445053 - 11506?
1433244
In base 2, what is 1010011001011100011101 + 1011?
1010011001011100101000
In base 8, what is -14675241 - 14?
-14675255
In base 8, what is -267250 + -35?
-267305
In base 2, what is 100100010000110110000000 + 10?
100100010000110110000010
In base 6, what is -323115 + -3021?
-330140
In base 16, what is 3 + 1bd37b?
1bd37e
In base 15, what is 22e90 - 422?
22a6d
In base 4, what is 1120 + -2212022033?
-2212020313
In base 11, what is 5 - a85084?
-a8507a
In base 8, what is 4 - 24377?
-24373
In base 2, what is -101 - -1001111011111010100?
1001111011111001111
In base 6, what is -30514335 - -11?
-30514324
In base 3, what is -2222201100202 + 101?
-2222201100101
In base 15, what is -22d03 + -b?
-22d0e
In base 3, what is 101022222201221 + -10?
101022222201211
In base 2, what is 1010011 - -11100111011010110001001?
11100111011010111011100
In base 11, what is -85288 + -89?
-85366
In base 12, what is -4b1 - -107a7?
102b6
In base 9, what is -1 + -1572742?
-1572743
In base 11, what is -8a24976 - 1?
-8a24977
In base 13, what is -3ca7 + -4471?
-8448
In base 12, what is 1439 - b821?
-a3a4
In base 14, what is -5 - 306dbd?
-306dc4
In base 2, what is 11100111001000110010111111111 + -100?
11100111001000110010111111011
In base 6, what is -23320243 + -4544?
-23325231
In base 12, what is -2608a0 - 27?
-260907
In base 4, what is -11221302 + -30003?
-11311311
In base 14, what is -aa - 158d5?
-159a1
In base 5, what is 202 + -20400313?
-20400111
In base 15, what is 171 - -611d?
628e
In base 16, what is d8 - c0ac9?
-c09f1
In base 13, what is -5 + -144671a4?
-144671a9
In base 3, what is 10022022200110222 - -12?
10022022200111011
In base 4, what is -11100 - 111002232?
-111013332
In base 13, what is -31 + 269239?
269208
In base 16, what is c - -9b91a?
9b926
In base 10, what is -551752 - -118?
-551634
In base 14, what is 5a40c + 210?
5a61c
In base 14, what is -278393 - -ba?
-2782b7
In base 12, what is -43826 - -606?
-43220
In base 7, what is -21 + -3434052?
-3434103
In base 15, what is -64 - -7b2501?
7b248c
In base 9, what is -15 - 2534017?
-2534033
In base 6, what is -3432024 - 144?
-3432212
In base 13, what is b33 - 12c596?
-12b763
In base 9, what is 2 + 2226618?
2226621
In base 6, what is -2105 + 310221?
304112
In base 14, what is 0 - 58552?
-58552
In base 8, what is -40477577103 + 4?
-40477577077
In base 12, what is -6ba - -21738?
2103a
In base 2, what is 11100100001010001100111101 + 11?
11100100001010001101000000
In base 12, what is 14 + 273369?
273381
In base 9, what is 164457376 + 4?
164457381
In base 5, what is 10230044023 - 4?
10230044014
In base 4, what is 11 - -10132020130100?
10132020130111
In base 11, what is 35198 - -9a?
35287
In base 4, what is -100322201 - 213311?
-101202112
In base 5, what is -2031220 + -212?
-2031432
In base 2, what is -11000001111000111 - 111110?
-11000010000000101
In base 2, what is -110010110110 + 1010101000?
-101000001110
In base 12, what is 5 - 232855b1?
-232855a8
In base 9, what is 465 + -56077?
-55512
In base 13, what is -956 + -16b18?
-17771
In base 14, what is 1954dd8 + -28?
1954db0
In base 13, what is 2589448 - 11?
2589437
In base 4, what is -2233322201 - -32?
-2233322103
In base 9, what is 6 - 80573177?
-80573171
In base 15, what is -ae7c - 226c?
-d1e9
In base 12, what is 430a55185 + 0?
430a55185
In base 2, what is -1100100000 - 10100101011111?
-10110001111111
In base 5, what is 12412 - 24023340?
-24010423
In base 3, what is 1 + -200112122211200?
-200112122211122
In base 3, what is -1202022221000202 + 1?
-1202022221000201
In base 13, what is 152c6c3 - 58?
152c668
In base 9, what is -18635 + 1601?
-17034
In base 5, what is 1011143 + 230341?
1242034
In base 15, what is c7 + 108e3?
109ba
In base 16, what is 2b37d81 - -1?
2b37d82
In base 8, what is 11572657 - 7?
11572650
In base 8, what is 6641 + -45052?
-36211
In base 3, what is 0 + 122012221012110?
122012221012110
In base 7, what is -254455546 - 23?
-254455602
In base 10, what is -15 + 1517406?
1517391
In base 13, what is -1033c59 + -38?
-1033c94
In base 6, what is 33 - 312540223?
-312540150
In base 2, what is -1000010 + -100100000010101110100110?
-100100000010101111101000
In base 13, what is -413ac40 - 16?
-413ac56
In base 10, what is -1297 - -32993?
31696
In base 16, what is -87c3 - -157?
-866c
In base 16, what is 1760 - f90?
7d0
In base 7, what is -546 + 24555432?
24554553
In base 6, what is 44541054 + 552?
44542050
In base 6, what is -325051552 - -10?
-325051542
In base 2, what is 10110110100101111110011100 - 1?
10110110100101111110011011
In base 10, what is 2 - 4324154?
-4324152
In base 6, what is 5 + -20215123?
-20215114
In base 10, what is -12171820 + 2?
-12171818
In base 5, what is -1 + 10444302341?
10444302340
In base 3, what is -11 - -12210100021221?
12210100021210
In base 13, what is -17a2c + -a?
-17a39
In base 8, what is 56357517 + 2?
56357521
In base 14, what is 7336a + -1ca?
73180
In base 5, what is -23313324 - -120?
-23313204
In base 14, what is 2c532 - 324a?
292c6
In base 11, what is 33 - -5489450?
5489483
In base 9, what is -6010 - -3061?
-2838
In base 4, what is 120023033321 - 113?
120023033202
In base 3, what is 2001 - 1122012202110?
-1122012200102
In base 11, what is -8 + 263a009?
263a001
In base 2, what is -10000100101101011111 - 11?
-10000100101101100010
In base 4, what is -100 - 312003320?
-312010020
In base 16, what is 19458 + -1?
19457
In base 4, what is 113220 - -200210022?
200323302
In base 8, what is 3710 - 63437?
-57527
In base 10, what is 3784 + -3464?
320
In base 3, what is -10202210 - -1020121211?
1002212001
In base 7, what is -21544501 - 50?
-21544551
In base 14, what is -1c + 1c7bbc3?
1c7bba5
In base 4, what is -1123311 + -113103?
-1303020
In base 5, what is 0 + -213021221431?
-213021221431
In base 5, what is -42434343102 + -3?
-42434343110
In base 7, what is -132146 - 664?
-133143
In base 15, what is -7 - 2ae4d7d?
-2ae4d85
In base 12, what is 34b56a1 - 2?
34b569b
In base 3, what is 12220 - -100202212020220?
100202212110210
In base 14, what is 1 + -21a869b?
-21a869a
In base 4, what is 3 + -233012211231?
-233012211222
In base 6, what is 5 - -20411254540?
20411254545
In base 2, what is -1 + -1100001101001101001111101101?
-1100001101001101001111101110
In base 8, what is 170403304 + -5?
170403277
In base 7, what is 312341 - -33?
312404
In base 2, what is 10 + -1000011101110000001110010?